 1107910, -2*y - 3*v + 8*v = -553964. Is y a composite number?
False
Let h(f) = 334*f**2 + 66*f - 1207. Is h(26) a prime number?
False
Let l(p) be the first derivative of 3*p**4/4 - 7*p**3/3 - 3*p**2 - 3*p + 67. Let g be (-47)/(-7) + 4/14. Is l(g) a composite number?
False
Suppose 0 = -3*t + 2*t - 2194. Let a be (-24)/(-84) + 2 + t/(-14). Is (-10 + a)*7/2*2 a composite number?
True
Let u(w) = -41*w - 172. Let v(h) = h + 27. Let y be v(-16). Let o(n) = 20*n + 87. Let t(l) = y*o(l) + 6*u(l). Is t(-22) a prime number?
False
Let a = 21 - 9. Suppose 9 + a = -7*o. Is (-2682)/o + 5/(-1) prime?
False
Suppose 0 = -4*t + 2*u - 142, 3*u = -t + 4*t + 99. Let d = t - -46. Is 8/d + 1244/2 a composite number?
True
Suppose -22*w - 3*w = -4*w - 1697619. Is w a prime number?
False
Let l(k) = 554*k**2 - k + 6. Suppose 0*m - 6*m = -12. Let b be l(m). Suppose 5*x - b = x - 4*f, 1669 = 3*x + 4*f. Is x a composite number?
True
Suppose n + 167 = 5*n + 5*m, -5*n = 2*m - 230. Suppose -n - 26207 = -5*x. Is x a prime number?
False
Let g = -472 + -1355. Let a = 3748 + g. Is a a composite number?
True
Suppose -1 = -k + 7. Let m(h) be the first derivative of 27*h**2/2 - 7*h - 86. Is m(k) prime?
False
Let j(p) = 6*p**3 + 2*p**2 - 5*p. Let n be j(7). Suppose 2*z + 28 = 9*z. Suppose z*h - n = h. Is h prime?
False
Let h(k) = 3642*k**2 + 90*k - 489. Is h(6) a composite number?
True
Let h = 496856 - 191619. Is h a prime number?
True
Is (8/(-6))/((8/289099)/(62 - 68)) a composite number?
False
Let n be (4/12)/(4/(-36)). Let w(y) = -27*y**3 + 4*y**2 + 7*y - 5. Is w(n) a prime number?
True
Let c(x) be the second derivative of x**8/480 - x**7/2520 + x**6/720 - x**5/120 - 5*x**4/6 + 5*x. Let q(b) be the third derivative of c(b). Is q(2) composite?
False
Suppose 21253 + 386 = 5*d + 4*v, -2*d - 3*v = -8657. Is d a composite number?
False
Let m(o) = -o**3 + 6*o**2 + 7*o - 2. Let j be m(7). Let u be 0*(j + 1)/(-1). Suppose -3*p + 1511 = -p + y, u = -3*y + 15. Is p composite?
True
Let k(s) = 454*s + 19. Let a be 19 - 3/(-6)*6. Is k(a) a composite number?
False
Let v(i) = -169*i - 18. Let c be v(4). Let n = c - -1057. Let a = 826 - n. Is a a prime number?
True
Let u be ((-7)/10*2)/((-5)/175). Suppose -50*a + u*a + 81 = 0. Suppose -5*f + a = -4*f - i, 3*i - 6 = 0. Is f composite?
False
Suppose -4 = 4*z, j - 5*j - 2*z = -406. Let i = 1249 - j. Is i a composite number?
True
Suppose -15*d = -6*d - 29286. Suppose d = -5*n + 17344. Suppose -5*m + 3*m = -n. Is m a composite number?
False
Is (264/(-8) - -32)/((-3)/212601 + 0) a composite number?
False
Let o be 30/(-4) - (-1)/2. Let w(n) be the third derivative of -n**6/40 - 3*n**5/20 - n**4/12 - 5*n**3/2 + 45*n**2. Is w(o) a composite number?
False
Let r(s) = -19*s - 264. Let q be r(-14). Suppose -4*h = q*z - 6878, 5*h - 2*z - 4646 = 3929. Is h prime?
False
Suppose 3*j = -5*j. Suppose j = 4*u - 7 - 5. Is 63 + (12/u - 2) a prime number?
False
Let x be (-4)/(-12)*-3 - -4. Suppose 2*w + 16877 = x*j, 16*w - 2 = 15*w. Is j prime?
False
Let a(v) = 11*v**2 - 13*v + 8. Let b be a(-7). Suppose -2*q + 5*l - 932 = q, 5*l = -2*q - b. Let w = 185 - q. Is w composite?
False
Suppose -m + 6 - 2 = 0. Suppose 11*l = 3936 + 6602. Suppose -i - 1464 = -4*i - 3*v, l = 2*i - m*v. Is i prime?
False
Suppose -1706 = -4*p + 5*l, p - 2*l + 142 = 570. Let f = p - 113. Let j = 70 + f. Is j a prime number?
False
Let n = 556836 - 335269. Is n composite?
False
Suppose 0 = 8*w - 12027 - 101. Suppose -3*q = -v + 658, 4*v - 4193 = 3*q - w. Is v prime?
True
Suppose -14*q = -95*q + 21092319. Is q a composite number?
False
Suppose r = -0*r. Let s = 28161 + -28157. Is (-13649)/(s - (r + 5)) a prime number?
True
Let r = -12223 + 21000. Is r composite?
True
Let o(u) = -u**2 + 26*u + 8. Let x be o(23). Let m = x + -57. Suppose m = 4*n, 0 = k - 5*n - 855 - 1159. Is k prime?
True
Let k(n) = 2*n**3 - 25*n**2 - 25*n + 97. Is k(22) composite?
True
Let h(y) = 621*y**2 - 7*y + 15. Suppose -2*p + t + 2 = -4, -2*t = -5*p + 15. Is h(p) a prime number?
False
Is 6 + (-1129125)/(19 + -34) a composite number?
True
Suppose -7*k + 5*k + 5*f + 9890 = 0, -f - 4 = 0. Suppose t + 10978 = 3*o, 2*o - 2387 - k = 4*t. Is o composite?
False
Let l(r) = -2*r**3 + 65*r**2 + 33*r + 2. Let v be l(33). Suppose 2*d + v*g - 5642 = -148, 0 = -d - 4*g + 2759. Is d a composite number?
True
Suppose 5*p + 5 = 0, f - p + 9510 = 84254. Is f a composite number?
True
Let y = -44294 + 73885. Is y composite?
True
Suppose 3*k - 4347 - 3318 = 3*z, -4*k = -2*z - 5110. Let v = z + 6148. Is v prime?
True
Let g = 265 + -266. Let b(u) = -9788*u + 5. Is b(g) a prime number?
False
Is -560229*((-210)/63)/10 composite?
False
Let p = 2041 - -280. Is p prime?
False
Let s = -4067 + 7303. Suppose -16*w + 14*w + s = 0. Let k = -983 + w. Is k a composite number?
True
Let o(a) = 21 + 15 - 38 + 2*a**2 + a**3. Let x be o(-2). Is 3 + x + 1115 + -5 prime?
False
Suppose 47021 = 4*a + 2*g - 2181, -5*a + 4*g + 61496 = 0. Suppose 5*t - 2*k - a - 5657 = 0, 3*k = -5*t + 17977. Is t prime?
True
Let i be (4*(-249)/(-18))/((-12)/(-18)). Let m = 63 - i. Is (-1 + (-14)/(-4))*(-9232)/m a composite number?
True
Suppose 10*t - 5*t = -5*r + 269900, 5*t + r - 269908 = 0. Suppose 15*x - 37653 = t. Is x composite?
True
Let t = -482080 + 899027. Is t composite?
False
Let o be 4/(-1) + (-3850)/(-2). Let k = 3118 + o. Is k a composite number?
False
Let u = 96085 - 42778. Suppose 452*a - u = 449*a. Is a a prime number?
False
Let g = 197833 - -48636. Is g composite?
False
Suppose 0 = 4*z - 36 - 556. Let f = z - 145. Suppose -f*c + 5112 + 147 = 0. Is c a prime number?
True
Suppose x - 3 = 0, -4*r + 86 - 31 = -3*x. Is r/2 - (-460 + 97) prime?
False
Let b = 172370 + -12061. Is b composite?
False
Suppose 0 = -2*x - 0*x - s + 12, 2*x - 32 = 4*s. Suppose 2*q - 5*c - 163 = 263, -2*c = -x. Suppose -2*g + g + q = 0. Is g a composite number?
False
Let a(p) = 90*p**2 + 37*p - 1494. Is a(35) composite?
False
Suppose 407748 - 245146 - 1567519 = -19*b. Is b a composite number?
False
Let o(r) = -r**3 + 5*r**2 + 6*r + 7. Let t be o(5). Let s = t + -37. Suppose -18466 = -s*c - 14*c. Is c a prime number?
True
Suppose -98*t = -261*t + 16960639. Is t a prime number?
True
Let b(y) = 2*y**2 + 28*y + 31. Let h be b(-13). Let q(a) = -a**3 + 7*a**2 - 11*a + 5. Let c be q(h). Suppose -j + 759 - 2 = 2*i, 2*j - 6 = c. Is i prime?
False
Suppose j + 139*p - 135*p - 89329 = 0, -357288 = -4*j - 2*p. Is j composite?
True
Suppose 0 = 3*q - q - 6. Suppose 2*s + 1686 = 2*d, -d + 483 = -q*s - 352. Let w = 1605 - d. Is w a prime number?
False
Let c(w) = -4*w + 62. Let d be c(-8). Let q be (-1 + 22/4)*-2. Let b = d + q. Is b a composite number?
True
Let n(i) = -2*i**2 + 7*i - 8. Let l be (-93)/(-33) - (-6)/33. Let s be n(l). Let h = 168 + s. Is h a composite number?
False
Let f(u) = u**2 - 4*u - 3. Let y be f(5). Let m be ((-62 - -3)*2)/((-8)/52). Suppose y*h - m = 231. Is h composite?
False
Let o(i) = -i**3 + 6*i**2 + 16*i + 2. Let u be o(8). Suppose -7*b = u*r - 2*b - 2083, 0 = -3*r - 5*b + 3132. Is r prime?
True
Let p(y) = -y**3 - 8*y**2 - 249*y - 49. Is p(-55) a composite number?
False
Suppose 0 = n - 4, 2*q + 36*n - 33*n - 549590 = 0. Is q prime?
False
Let l = 20214 - -1975. Is l a composite number?
False
Let p be ((-3)/2)/(51/(-68)). Suppose -n + c + 2575 = 0, -2*n + 10320 = p*n + c. Is n a prime number?
True
Let u(c) = -2426*c + 252. Is u(-37) a composite number?
True
Suppose 0 = 17*p - 12*p - 104900. Suppose -3*j + 8003 = -p. Is j a composite number?
False
Suppose -3*m - 7*m + 1572701 + 2033669 = 0. Is m prime?
True
Suppose -2*o = -14792 - 48744. Suppose p = -3*p + o. Let z = p - 5633. Is z a prime number?
True
Let z(k) = 392*k - 8. Let w be z(5). Suppose -8*u + w = -4*u. Suppose 3*m - 43 = u. Is m a prime number?
False
Let g = 9 + -15. Let o be 3/(2/g*-3). Suppose o*j - 5*l - 813 = 140, -2*l = -4. Is j a prime number?
False
Let m = -123740 + 243771. Is m prime?
False
Let h be (591768/48)/((-41)/44 - -1). Suppose 14*g - h = -8*g. Is g composite?
False
Let x = -91 - -85. Let y(a) = -331*a**2 + 2*a + 4. Let v(m) = m**2 - m. Let q(r) = x*v(r) - y(r). Is q(3) a prime number?
False
Let b be 2/2 + 1 + 683. Let p(y) = -6*y**3 + 63*y**2 + 7*y + 22. Let z be p(10). Let q = b - z. Is q a prime number?
True
Let o 